e remainder when 79 is divided by 16?
15
What is the remainder when 258 is divided by 10?
8
What is the remainder when 292 is divided by 104?
84
Calculate the remainder when 59 is divided by 18.
5
What is the remainder when 223 is divided by 59?
46
Calculate the remainder when 9883 is divided by 898.
5
What is the remainder when 8343 is divided by 214?
211
What is the remainder when 10671 is divided by 3557?
0
What is the remainder when 208 is divided by 2?
0
What is the remainder when 341 is divided by 9?
8
Calculate the remainder when 1519 is divided by 38.
37
What is the remainder when 265 is divided by 7?
6
What is the remainder when 163 is divided by 13?
7
What is the remainder when 2365 is divided by 21?
13
Calculate the remainder when 155 is divided by 23.
17
Calculate the remainder when 544 is divided by 137.
133
What is the remainder when 120 is divided by 24?
0
Calculate the remainder when 344 is divided by 54.
20
What is the remainder when 151 is divided by 60?
31
Calculate the remainder when 4465 is divided by 14.
13
What is the remainder when 565 is divided by 81?
79
Calculate the remainder when 2043 is divided by 126.
27
What is the remainder when 534 is divided by 525?
9
Calculate the remainder when 518 is divided by 269.
249
What is the remainder when 4366 is divided by 52?
50
Calculate the remainder when 119 is divided by 39.
2
What is the remainder when 1306 is divided by 16?
10
What is the remainder when 614 is divided by 7?
5
Calculate the remainder when 2457 is divided by 309.
294
Calculate the remainder when 551 is divided by 79.
77
What is the remainder when 478 is divided by 36?
10
Calculate the remainder when 11229 is divided by 144.
141
What is the remainder when 128 is divided by 22?
18
Calculate the remainder when 575 is divided by 18.
17
Calculate the remainder when 85 is divided by 32.
21
What is the remainder when 479 is divided by 156?
11
What is the remainder when 4618 is divided by 70?
68
Calculate the remainder when 680 is divided by 22.
20
What is the remainder when 319 is divided by 68?
47
What is the remainder when 16587 is divided by 52?
51
What is the remainder when 49 is divided by 37?
12
What is the remainder when 64 is divided by 11?
9
What is the remainder when 584 is divided by 574?
10
What is the remainder when 22618 is divided by 39?
37
Calculate the remainder when 110 is divided by 19.
15
What is the remainder when 1405 is divided by 11?
8
Calculate the remainder when 6039 is divided by 37.
8
Calculate the remainder when 5018 is divided by 6.
2
What is the remainder when 2788 is divided by 1390?
8
Calculate the remainder when 64 is divided by 63.
1
Calculate the remainder when 1164 is divided by 46.
14
What is the remainder when 1677 is divided by 6?
3
Calculate the remainder when 1228 is divided by 28.
24
Calculate the remainder when 1406 is divided by 88.
86
What is the remainder when 1748 is divided by 92?
0
What is the remainder when 438 is divided by 45?
33
Calculate the remainder when 118 is divided by 64.
54
Calculate the remainder when 195 is divided by 11.
8
What is the remainder when 536 is divided by 165?
41
Calculate the remainder when 265 is divided by 91.
83
What is the remainder when 255 is divided by 43?
40
What is the remainder when 110 is divided by 51?
8
What is the remainder when 40 is divided by 21?
19
What is the remainder when 131 is divided by 130?
1
Calculate the remainder when 98 is divided by 23.
6
What is the remainder when 394 is divided by 133?
128
Calculate the remainder when 672 is divided by 230.
212
What is the remainder when 149 is divided by 3?
2
Calculate the remainder when 2365 is divided by 94.
15
Calculate the remainder when 227 is divided by 95.
37
Calculate the remainder when 56 is divided by 30.
26
Calculate the remainder when 55 is divided by 8.
7
What is the remainder when 1063 is divided by 37?
27
Calculate the remainder when 282 is divided by 42.
30
What is the remainder when 38 is divided by 5?
3
What is the remainder when 974 is divided by 16?
14
What is the remainder when 60 is divided by 2?
0
Calculate the remainder when 61 is divided by 25.
11
What is the remainder when 288 is divided by 58?
56
Calculate the remainder when 570 is divided by 18.
12
Calculate the remainder when 62 is divided by 22.
18
What is the remainder when 338 is divided by 87?
77
What is the remainder when 118 is divided by 4?
2
Calculate the remainder when 203 is divided by 30.
23
What is the remainder when 65 is divided by 27?
11
Calculate the remainder when 173 is divided by 18.
11
Calculate the remainder when 207 is divided by 21.
18
What is the remainder when 6758 is divided by 13?
11
Calculate the remainder when 794 is divided by 158.
4
Calculate the remainder when 862 is divided by 18.
16
Calculate the remainder when 40 is divided by 3.
1
What is the remainder when 250 is divided by 125?
0
Calculate the remainder when 202 is divided by 26.
20
Calculate the remainder when 45 is divided by 31.
14
Calculate the remainder when 23141 is divided by 42.
41
What is the remainder when 1007 is divided by 64?
47
What is the remainder when 248 is divided by 247?
1
Calculate the remainder when 1199 is divided by 172.
167
Calculate the remainder when 522 is divided by 22.
16
Calculate the remainder when 20974 is divided by 38.
36
What is the remainder when 2312 is divided by 43?
33
What is the remainder when 1185 is divided by 385?
30
Calculate the remainder when 400 is divided by 81.
76
What is the remainder when 231 is divided by 226?
5
What is the remainder when 4308 is divided by 10?
8
What is the remainder when 96 is divided by 52?
44
Calculate the remainder when 36 is divided by 10.
6
Calculate the remainder when 395 is divided by 32.
11
Calculate the remainder when 895 is divided by 177.
10
Calculate the remainder when 55 is divided by 40.
15
What is the remainder when 211 is divided by 38?
21
Calculate the remainder when 101 is divided by 16.
5
Calculate the remainder when 819 is divided by 20.
19
What is the remainder when 1477 is divided by 74?
71
What is the remainder when 74 is divided by 20?
14
Calculate the remainder when 73 is divided by 30.
13
Calculate the remainder when 13 is divided by 5.
3
Calculate the remainder when 222 is divided by 32.
30
What is the remainder when 280 is divided by 3?
1
What is the remainder when 21891 is divided by 26?
25
What is the remainder when 132 is divided by 7?
6
Calculate the remainder when 3052 is divided by 762.
4
What is the remainder when 1832 is divided by 43?
26
What is the remainder when 73 is divided by 20?
13
What is the remainder when 660 is divided by 95?
90
Calculate the remainder when 2698 is divided by 90.
88
What is the remainder when 139 is divided by 10?
9
Calculate the remainder when 7230 is divided by 67.
61
What is the remainder when 45 is divided by 16?
13
Calculate the remainder when 610 is divided by 78.
64
Calculate the remainder when 276 is divided by 105.
66
Calculate the remainder when 456 is divided by 9.
6
What is the remainder when 27 is divided by 6?
3
What is the remainder when 223 is divided by 102?
19
Calculate the remainder when 211 is divided by 45.
31
What is the remainder when 68 is divided by 25?
18
What is the remainder when 1219 is divided by 72?
67
What is the remainder when 71 is divided by 4?
3
What is the remainder when 202 is divided by 20?
2
Calculate the remainder when 647 is divided by 6.
5
Calculate the remainder when 4057 is divided by 10.
7
Calculate the remainder when 2991 is divided by 214.
209
What is the remainder when 146 is divided by 23?
8
Calculate the remainder when 2329 is divided by 22.
19
Calculate the remainder when 824 is divided by 64.
56
Calculate the remainder when 214 is divided by 29.
11
What is the remainder when 172 is divided by 86?
0
Calculate the remainder when 183 is divided by 30.
3
What is the remainder when 258 is divided by 110?
38
What is the remainder when 72 is divided by 34?
4
What is the remainder when 193 is divided by 193?
0
Calculate the remainder when 41 is divided by 30.
11
What is the remainder when 262 is divided by 12?
10
Calculate the remainder when 1056 is divided by 32.
0
Calculate the remainder when 300 is divided by 19.
15
What 